.
5
Suppose 2*a + 8 = p - 5, -a = 2*p - 11. Let s = p + -3. Let u(t) = -t**3 + 4*t**2 + t - 3. Let y be u(4). Calculate the greatest common divisor of s and y.
1
Let c be 0/((-1)/((-2)/4)). Suppose 0 = 3*h - i - 63, -i + 3*i - 6 = c. Calculate the greatest common factor of h and 2.
2
Let u = -68 - -117. Let o = -3 + 5. Suppose 0 = i + o*i - 21. What is the highest common factor of i and u?
7
Suppose 0 = -5*b + 2*b + 300. Calculate the greatest common divisor of b and 20.
20
Let y(s) = -s**3 - 8*s**2 - 3*s + 6. Let k(i) = i - 1. Let g be k(-7). Let t be y(g). Calculate the highest common factor of 12 and t.
6
Let j = -89 + 92. Suppose -w - 5 = 63. Let r = w - -101. What is the highest common divisor of r and j?
3
Let v(p) = p**3 - 4*p**2 - 2*p - 7. Let y be v(5). Suppose -y*n = -2*t - 4*n + 10, -4*t - 2*n + 40 = 0. What is the greatest common divisor of 72 and t?
9
Let u(g) = -17*g**2 - g - 2. Let h be u(-2). Let n = h - -128. Let i be (-50)/(-8) + 2/(-8). Calculate the greatest common factor of i and n.
6
Let u be 4 + -1 - (-1 + -1). Suppose -38 = -4*b - u*n, -3*b + 25 = 3*n - n. Let k be 2/(-4) + 145/10. What is the highest common factor of k and b?
7
Let n = -18 - -39. Let x be (-231)/154*14/(-3). Calculate the highest common divisor of x and n.
7
Let k(c) be the first derivative of 3*c**2 - 2*c + 2. Let w be k(2). Let r be 30/(-4)*(-16)/w. Calculate the highest common divisor of r and 60.
12
Let s be (14 - 13)/((-2)/(-6)). Suppose o = s*o - 20. Calculate the highest common factor of o and 50.
10
Let y be 6058/65 + (-2)/10. Calculate the highest common factor of y and 31.
31
Let n = 55 + -31. Suppose 2*c - 2 = 4. Suppose 0 = -c*b + 18 + n. What is the greatest common factor of 112 and b?
14
Suppose -5*b - 3*l + 20 = 0, 4*l - 12 = -b + 9. What is the greatest common factor of b and 4?
1
Suppose -6 = -3*b - 0*b. Suppose -b*w - w = -30. Suppose 0 = -5*p + 98 + 2. What is the greatest common factor of w and p?
10
Let a(k) = -2*k - 6 - k**3 + k - 4*k**2 + 2*k**3. Let l be a(5). What is the highest common divisor of l and 14?
14
Let s be 38*2 + (-4)/(-2). Suppose 3*q + 9 = 6*q. Suppose q*b - 25 = 14. Calculate the greatest common divisor of s and b.
13
Let p be (-583)/(-33) + (-2)/(-6). What is the highest common divisor of p and 6?
6
Suppose u = 2*i - 15, 2*i = -5*u + 9 + 12. Calculate the highest common divisor of 16 and i.
8
Suppose 0*i + 24 = 2*i. Suppose -215 - 49 = -2*x. What is the greatest common divisor of i and x?
12
Suppose -4*h + 128 + 57 = -w, -110 = -3*h - 5*w. Calculate the greatest common divisor of h and 18.
9
Let l(y) = -y + 10. Let g be l(7). Suppose 3*v - 18 - 63 = 0. What is the greatest common divisor of g and v?
3
Let k(g) = g + 8. Let r be k(7). Let l be -25*(36/r + -3). Calculate the highest common divisor of 135 and l.
15
Let u = 5 + -2. Let t(y) = u + 22*y**2 - 3. Let m be t(1). Calculate the greatest common factor of 2 and m.
2
Let q(c) = c**3 - 7*c**2 + c - 5. Let i be q(7). Let v be (3 + -1)*3/i. Calculate the highest common divisor of v and 6.
3
Suppose 2 = -5*j + 22. Suppose 0 = -5*i - 5*w + 295, 2*i = j*i + 3*w - 121. Let n = i + -39. Calculate the greatest common factor of 119 and n.
17
Let j = -16 + 53. Let f = j - 26. Suppose 4*w - 4*t - 352 = -6*t, -3*t + 352 = 4*w. What is the greatest common factor of f and w?
11
Let k(m) = -112*m**3 - 2*m**2 - 2*m - 1. Let d be k(-1). Suppose -d = 4*i - 531. What is the greatest common factor of 15 and i?
15
Let i = -6 - -8. Suppose 5*j + 3*d - 8 = 0, -7 - 1 = i*d. Let m = 27 + -7. Calculate the highest common divisor of m and j.
4
Let h(g) = -g**3 + 6*g**2 + 5*g - 7. Let b be h(6). Calculate the greatest common factor of b and 207.
23
Let z(c) = -23*c + 5. Let h be z(-5). Calculate the greatest common factor of 30 and h.
30
Let b = 27 - -30. Calculate the greatest common factor of b and 19.
19
Let u = 27 + -19. Calculate the highest common factor of u and 4.
4
Let o be 2 - 32/20 - (-118)/5. Calculate the highest common factor of o and 6.
6
Suppose 3*i + 12 = 6*i. What is the greatest common factor of 32 and i?
4
Let j(y) = -32*y - 3 + 74*y + 0. Let d be j(4). Calculate the highest common divisor of d and 15.
15
Let l(x) = 2*x**2 + 5*x - 6. Let s be l(6). Let v be 12*5/35*(1 - -6). Calculate the highest common factor of s and v.
12
Let d = 27 + 43. Let u = 2 + -2. Let w(h) = -h**2 - h + 14. Let t be w(u). What is the highest common factor of d and t?
14
Let l be 108/8 - (-4)/(-8). Suppose 4*x + 9 = x, -257 = -5*q - x. What is the highest common factor of l and q?
13
Suppose -5*l = -l - 12. Suppose -266 = -l*y + y. What is the highest common factor of y and 19?
19
Let f = -19 + 5. Let n be (-2 - f/5)*115. Suppose -n = -4*b - 5*m, -5*b + m + 86 = -0*m. What is the greatest common divisor of b and 6?
6
Let v be ((-1 - -7) + -3)*(-8)/(-6). Calculate the greatest common factor of 28 and v.
4
Let t = -25 - -18. Let g be (-7)/(t/(-4))*-13. What is the highest common divisor of g and 13?
13
Let s = -11 + 25. Calculate the greatest common factor of s and 140.
14
Suppose -5*s = -3*s - 14. Let l be (-14)/(-4*(-1)/(-2)). What is the greatest common factor of s and l?
7
Let g(k) = 2*k + 26. Let h be g(-12). What is the highest common divisor of 22 and h?
2
Let j(l) = -l - 4. Let q be j(-4). Suppose q*g = 2*g. Let h be 62 - -3 - (g - -1). Calculate the greatest common divisor of h and 16.
16
Let h(y) = 97*y - 2. Let k be h(1). Suppose 152 = 6*r - 2*r. Calculate the highest common divisor of k and r.
19
Let t be (2*(-2)/8)/(1/(-14)). Let n be 5*(8 + (-3 - -2)). Calculate the highest common factor of n and t.
7
Let t be 0 + (-16)/(1 + -3). Let f be -2 - (-3 - -1 - t). Suppose -16 = -y - y. Calculate the highest common factor of f and y.
8
Let z = -40 + 150. Let q = -10 + 14. Suppose 4*i - q*v = 52, -i + 3*i + 3*v - 11 = 0. Calculate the highest common divisor of i and z.
10
Let j(u) = u + 26. Let g be j(0). Let r = -11 + g. Suppose 0 = y - d - 8, -4*d - 1 - r = 0. What is the greatest common factor of 16 and y?
4
Let f(m) = 17*m**2 + 2*m - 2. Let v be f(2). Calculate the greatest common divisor of 10 and v.
10
Let p = 60 + -51. Suppose -s = 5*r - 16, -r + 8 = 4*s + 1. Calculate the greatest common factor of p and r.
3
Suppose 0 = -2*t - q + 290, -412 - 156 = -4*t + q. Let j = t + -80. Calculate the highest common divisor of j and 21.
21
Suppose 0 = -5*q + l + 19, 2*q = 5*q - 4*l - 25. Suppose j = 2 - q. Let t be -30*(j - 3/(-5)). What is the highest common divisor of 3 and t?
3
Let v be (0 - -33)*-1 - 0. Let d be (-32)/3*v/2. Let w be (-2)/(-3) + (-704)/(-33). What is the greatest common factor of w and d?
22
Let t = -70 + 109. Calculate the greatest common factor of 156 and t.
39
Let n(b) = 4*b - 42. Let g be n(17). Let c = -6 + 19. Calculate the greatest common divisor of g and c.
13
Suppose -n + 2*m = -28, -2*n + 20 = -n + 2*m. Calculate the greatest common factor of n and 3.
3
Let l be 3/(-2) - (-18)/4. Let s = 31 - 22. Calculate the greatest common divisor of l and s.
3
Suppose 0 = -2*m - 35 - 17. Let g = 37 + m. What is the greatest common factor of g and 88?
11
Let q(m) = m**3 - 5*m**2 - 6*m + 2. Let o be q(6). Let w be -3 - (o/2 - 102). Suppose h - 9 = 5. Calculate the highest common divisor of w and h.
14
Suppose -130 - 78 = -4*a - 2*r, -4*a = -r - 196. Let s = -38 + 18. Let p be 0 - 0 - 0 - s. Calculate the highest common factor of a and p.
10
Let d be (-10)/35 + (-23)/(-7). Suppose x = -0*x + d. What is the highest common divisor of x and 21?
3
Suppose 132 = 2*g - 4*g. Let y(v) = -31*v**3 + 1. Let q be y(1). Let f = q - g. Calculate the highest common divisor of f and 12.
12
Let t = 75 + -41. Suppose -5*k = 6*c - c - 65, 0 = -4*k + 2*c + t. Suppose -20 = -8*i + 3*i. What is the greatest common factor of i and k?
2
Let j(c) = -c. Let v be j(9). Let m be (-3)/(-3)*v/3. Let t = m + 10. What is the greatest common factor of 63 and t?
7
Let z be 657 + (-2 - 0) + 1. Suppose -5*n = -z + 206. What is the greatest common factor of n and 10?
10
Let a(h) = 3*h**2 - 4*h - 1. Suppose 4*f + 8 = -8. Let y be a(f). Let m(c) = 3*c**2 + 3*c + 1. Let q be m(-2). Calculate the highest common divisor of q and y.
7
Let m(y) = -2*y**3 - 7*y**2 + 2*y - 10. Let n be m(-7). Let p = -35 + 64. What is 